5*k + k + 18, 5*k = 4*o + 17. Suppose 4*b = p, -b = -o*p + 26 - 5. Let x(q) = -131*q**3 + 3*q**2 + p*q - 4*q + 130*q**3 - 4. What is x(5)?
-14
Let h(z) be the third derivative of z**4/24 - 2*z**3/3 + 153*z**2 - 6. Determine h(12).
8
Let g(r) = 30 + 29 + 8*r**2 + 18 - 76 - 3*r. Let t = 7 - 6. What is g(t)?
6
Let s(r) = r - 2021*r**3 + 2022*r**3 + 4*r**2 - 7*r. Let p(v) be the first derivative of -v**3/3 + 5*v**2 + 6*v + 16. Let x be p(11). Give s(x).
5
Let o(t) = -t - 1. Let b(j) = 8*j + 10. Let f(y) = -b(y) - 6*o(y). Suppose -9*i - 54 = 0, 3*d + 1041 = -3*i + 1020. Calculate f(d).
-2
Let q(g) = g + 40. Let f = -6002 - -5973. Give q(f).
11
Let v = 22 - 43. Let o = -19 - v. Let i(p) = -11*p - 10. Let q(g) = -4*g - 4. Let t(n) = -3*i(n) + 8*q(n). Give t(o).
0
Suppose 455 = 2*r + 3*w - 8*w, 4*r - 902 = 2*w. Let s = r + -224. Let m(a) = 27*a**2 + a. Determine m(s).
28
Let h(p) = -p**2 - 8*p - 2. Suppose -3*r - 161 = -2*f - 190, -5*r + 60 = -5*f. What is h(f)?
5
Let k(t) = t**3 + 5*t**2 + 3*t + 6. Let g(v) = v**2 - 19*v + 36. Let p be g(17). Let q be (8 - 5) + (p - 2). Suppose -x - q = 2. Calculate k(x).
-9
Let w(d) = d**2 - 7*d + 7. Let q(c) = -56*c + 107*c + 15 - 41*c. Let h(m) = -5*m - 8. Let x(v) = -5*h(v) - 3*q(v). Let y be x(-2). Calculate w(y).
-3
Let s = -460 - -463. Let w(i) = 267 - i**s + 10*i**2 - 135 - 10*i - 130. What is w(9)?
-7
Let r(f) = 6*f**2 - 12*f + 3. Suppose 2*c = -3*x - 7, -10 = 3*x + 5. Let u(p) = 5*p**2 - 10*p + 3. Let g(b) = c*r(b) - 5*u(b). Calculate g(4).
-11
Let m(i) = -2*i + 0*i + 1 - 4. Suppose 454 = 187*s - 400*s - 398. Give m(s).
5
Let s = 247 - 250. Let a(v) be the third derivative of v**5/60 + 5*v**4/24 - v**3/2 + 39*v**2. What is a(s)?
-9
Let d = -2056 + 2060. Let y(o) = -o**3 + 4*o**2 - o. Determine y(d).
-4
Let g(i) = -i**2 - 12. Suppose -15*t + 11*t = -2*a + 18, -5*t - 18 = -4*a. Calculate g(t).
-48
Let c = 342 + -580. Let q = -233 - c. Let v(r) = 4*r - 5. Calculate v(q).
15
Let k(t) be the first derivative of -3*t**2 + 32*t + 3457. Determine k(8).
-16
Let l(u) be the second derivative of -1/2*u**3 + 8 + 0*u**2 - u. Give l(1).
-3
Let l(k) = 164*k - 155. Let z(n) = -549*n + 466. Let x(q) = -7*l(q) - 2*z(q). Give x(3).
3
Let m(p) = p**3 - p**2 + 2*p - 3. Let h = -30 - -7. Let n = -22 - h. Let k be (n/(1/(-3)))/(69/(-46)). Give m(k).
5
Let x = -21 - -24. Let n(p) = -156*p + 159*p + p**x + 3*p**2 + p**2 + 7 - 1. Let u be 48/(-12)*(4/(-2))/(-2). Give n(u).
-6
Let x(y) be the second derivative of y**5/20 + 5*y**4/4 + 17*y**3/6 + 5*y**2/2 + 1269*y. Give x(-13).
122
Let y(m) = 2*m - 3. Let l(j) be the third derivative of j**5/60 + 5*j**4/12 - 227*j**3/6 - 8*j**2 + 3*j. Let p be l(-21). What is y(p)?
5
Suppose -4*f + 2*y + 3*y + 24 = 0, -y = 0. Let z(b) = f*b**3 - 10 - 5*b**3 - b + 450*b**2 - 441*b**2. Suppose 43 = -4*u + 7. Determine z(u).
-1
Let p(x) = 10*x**2 - 2*x + 1. Suppose 4*q - 3 = -3*u, -5*q - 30 = -9*u + 6*u. Suppose -5*w = -u*l, 0 = -3*l - 5*w - 2 + 10. What is p(l)?
9
Let t(k) = 3*k**2 + 9*k + 9. Let s(n) = -3*n**2 - 2 - n + n**2 + 1 + n**2. Suppose -3*u = -o - 15, 5*o = 8 - 23. Let j(m) = u*s(m) + t(m). What is j(4)?
9
Suppose -567*m + 4*g - 24 = -570*m, 0 = 2*m + 2*g - 18. Let s(u) = u**3 - 10*u**2 - 25*u + 9. Determine s(m).
-3
Let b(z) be the third derivative of 1/12*z**4 + 0 + 0*z - 1/2*z**3 - z**2. Suppose -572*f + 145*f - 297 = -129*f - 199*f. Determine b(f).
-9
Suppose -20*v = -15*v. Suppose -w - 3 + 8 = v. Let l(c) = -w*c + 6 - 4*c + 7*c. Give l(5).
-4
Let l(v) = 26*v - 18 - v**2 - 85*v + 47*v + 0*v**2. Calculate l(-11).
-7
Let h(a) = a**2 + 7*a - 77. Suppose 0 = -5*m, -v + 4*m = -6*v - 72 + 2. Calculate h(v).
21
Suppose -8 = -n - 3*c, -n + 4*c = c + 4. Let h(y) = -y**n + 54 - 30 - 34 - 7*y + y. Determine h(-4).
-2
Let p(l) be the first derivative of 13*l**3/3 - 4*l**2 + 7*l + 8114. Give p(1).
12
Let b(f) = -328*f**2 + 5*f - 64. Let z(c) = -82*c**2 + c - 14. Let r(u) = 2*b(u) - 9*z(u). Calculate r(1).
81
Let u(z) = -5*z + 14. Let p(t) = -20*t - 155. Let l be p(-33). Let o = -494 + l. Give u(o).
-41
Let b(i) be the third derivative of -i**5/60 - 7*i**4/24 - 23*i**3/2 + 2*i**2 - 28*i. Let s(p) be the first derivative of b(p). Determine s(-6).
5
Let b(r) = -25*r**2 - 146*r + 32. Let p(f) = 6*f**2 + 35*f - 8. Let v(k) = -4*b(k) - 17*p(k). Give v(-6).
2
Let h(t) = 49*t - 106. Let w(n) = 9*n + 1. Let v(g) = h(g) - 4*w(g). Determine v(9).
7
Let s(i) = 21*i**2 - 10*i + 48. Let z(c) = 5*c**2 + 6. Let d(w) = s(w) - 5*z(w). Calculate d(2).
-18
Let m(k) be the second derivative of -8*k**3/3 - 90*k**2 - 5*k - 64. Calculate m(-11).
-4
Let n = 124 + -72. Let l be ((-3)/(-2))/(3/n). Let r(z) = -5 + l*z**2 - 12*z**2 - 13*z**2 - 2*z. Determine r(4).
3
Let b(k) = -4*k + 2*k + k - 12. Let s(u) = -72*u + 1800. Let t be s(25). Give b(t).
-12
Let m(b) = -2*b**2 - 10*b - 29. Suppose -7*d + 8*d = -3*u + 18, 44 = -2*d + 4*u. Determine m(d).
-41
Suppose 0 = 3*c + 4*a - 60, 5*c - 36 - 18 = a. Let m(l) = l**2 - 14*l + 28. Give m(c).
4
Let j(c) = -c**3 + 42*c**2 - 43*c + 78. Suppose -58*i = -1810 - 568. Determine j(i).
-4
Let a(n) = 119*n**3 - 8*n**2 - 24*n - 2. Let f(y) = 15*y**3 - y**2 - 3*y. Let v(d) = -2*a(d) + 17*f(d). Give v(1).
17
Let c(k) be the third derivative of -k**7/720 - k**6/240 + k**5/20 + 3*k**2. Let g(y) be the third derivative of c(y). Suppose -38*j - 330 = 72*j. What is g(j)?
18
Let j(i) = -i**2 + 13*i - 32. Let q = -11735 - -11745. Give j(q).
-2
Let m(y) = -7*y**2 - 27*y - 29. Let x(d) = -11*d**2 - 41*d - 43. Let w(a) = 8*m(a) - 5*x(a). Suppose -v - 213 = -414 + 211. Give w(v).
-7
Let j be (1/3)/(3/(-9))*0. Suppose j = 2*m - 0*m - 20. Let u(q) = -24*q + m*q + 13*q. Give u(-5).
5
Let r(c) be the second derivative of -c**6/60 + c**5/40 - c**4/12 + 15*c**3 + 2*c + 65. Let d(h) be the second derivative of r(h). Determine d(1).
-5
Let f(w) = -5*w**2 - 7*w - 2. Let t(i) be the second derivative of -i**4/2 - 7*i**3/6 - 5*i**2/2 + 43*i + 2. Let x(v) = 5*f(v) - 4*t(v). What is x(-9)?
-8
Let l = -1431 - -9305. Let t(q) = 5 + 7877*q**2 - l*q**2 + 1 + 6*q. What is t(-4)?
30
Let u(n) = -n + 5. Let a be u(4). Let f(p) = 2*p + 9. Let z(q) = q + 3. Let l(v) = 2*f(v) - 6*z(v). Give l(a).
-2
Let q(t) be the second derivative of t**4/12 - 5*t**3/3 - 20*t**2 - 6208*t. Give q(13).
-1
Suppose -14 = -5*u - 4*x, 3*u - 4 - 1 = x. Let i(v) be the first derivative of v**2 - 7*v**u + 9 + 7*v**2 + 4*v. Calculate i(-4).
-4
Suppose 4*m = -12, -m - 130 + 125 = b. Let z(k) = -2*k**2 + 5*k + 16. What is z(b)?
-2
Let l be (-68)/(-6)*54*33/1188. Let j(q) = -q**2 + 21*q + 14. Calculate j(l).
82
Let f(o) = -o**3 + 9*o**2 - 7*o - 11. Let v be f(8). Let g(x) = 314*x + 5. Let i(u) = -104*u - 1. Let n(d) = -g(d) - 3*i(d). What is n(v)?
4
Suppose 10*m - 5*m - 95 = 0. Let v(w) = -22 + 23 + 4*w + m*w + 4*w. Suppose -2*l - 1 = q, 2*l = 3*q - 25 + 36. Give v(l).
28
Let u(o) = 6*o**2 + 32*o - 24. Let i(t) be the second derivative of 5*t**4/12 + 29*t**3/6 - 12*t**2 + 24*t. Let b(y) = -7*i(y) + 6*u(y). Give b(7).
-4
Suppose -33 = -5*j - 3*p + 13, -3*j + 4*p + 16 = 0. Let f(c) = -c**2 + c + 16. Calculate f(j).
-40
Suppose 0 = 5*f + 5*v + 40, -4 - 4 = f + 5*v. Suppose h = 2*o - 5*o + 10, 4*h = 4. Let z(w) = -o*w + w - 6 - 5 + w. Calculate z(f).
-3
Let i(w) = -w - 5. Let z be (-26)/(-4) - (-81)/(-54). Suppose 33 = z*s - 4*o - 0*o, -3*s + 4*o + 23 = 0. Determine i(s).
-10
Let i(j) = -7*j - 136. Let g be (2 + -3)*((-5)/1 + -46 + 70). Give i(g).
-3
Let b be (9 + -11)/(33/(-9) + 3). Let w(y) = 4*y - 2*y - b*y + 3 + 4*y. Determine w(-2).
-3
Let d(i) = 2*i**2 + 35*i + 47. Let n be (276/(-10))/(14/7) - 6/5. What is d(n)?
-28
Let c(s) = -19*s + 69. Let t be c(4). Let f(o) = 2*o**3 + 14*o**2 - 3*o - 5. Determine f(t).
16
Suppose 4*q = 2*z + 34, 227*q - 228*q + 2*z + 4 = 0. Let n(v) = -v**2 + 15*v - 41. What is n(q)?
9
Let z(w) = -5*w - 25. Suppose 28 = -2*q + 2*k, -3*q - 2 = -2*k + 34. Give z(q).
15
Let z(y) = -2*y**2 + y + 11. Let x be z(6). Let v = x + 135. Let r = 79 - v. Let i(l) = -11*l**3 + l**2 - l - 1. Give i(r).
12
Let s(b) = -4*b**2 + 8*b - 44. Let z(i) = i**2 - 3*i + 15. Let c(j) = 6*s(j) + 17*z(j). Determine c(-3).
-63
Let w(h) be the third derivative of -h**5/60 - 3*h**4/8 - 2*h**3/3 - 3*h**2 + 22. What is w(-11)?
-26
Let f(u) = 67*u**2 - 77*u - 1. L